 f(u) = -17*u**2 + u + 3*u**2 - 12 + u**3 + 32. What are the prime factors of f(z)?
2, 17
Let t(r) = -66*r - 277. List the prime factors of t(-33).
1901
Let m = -1524 + 1910. What are the prime factors of m?
2, 193
Let b = -2 + 2. Suppose -a - 1 = -c + 3, 5*a = 2*c - 2. Suppose -c*x + 3*x + 27 = b. What are the prime factors of x?
3
Let j(g) = -12*g - 2. Let r(l) = -11*l - 2. Let d(b) = -6*j(b) + 5*r(b). List the prime factors of d(2).
2, 3
List the prime factors of 6 - (-8)/(-8) - (-1 - 517).
523
Let l = -1 - -13. Suppose 3*p - 61 = -4*j, 6 = j - 2*p - l. What are the prime factors of j?
2
List the prime factors of (-946)/(-3) - 12/(-288)*-8.
3, 5, 7
What are the prime factors of ((-2)/1)/16 - 6822/(-48)?
2, 71
Suppose 8 = 3*s + s. Suppose 4*x = -2*o + 138, s*o = o + 4*x + 75. List the prime factors of o.
71
Let c be (0 - -48) + (16 - 12). Suppose -j = -4*k - 4, 7*k + c = 4*j + 3*k. List the prime factors of j.
2
Let w = 1021 - 313. What are the prime factors of w?
2, 3, 59
Let s(r) = 3*r - 2. Let v be s(3). Suppose -v = -l - 5*h + 4, -5*h = 4*l - 74. What are the prime factors of l?
3, 7
Let x(g) = g**2 + 5*g - 8. Let s be x(-6). List the prime factors of 2*(3 + 5 - s).
2, 5
Suppose -5*x + 3*j = 120, -x + 2*j - 42 = -11. Let q = 136 - x. What are the prime factors of q?
157
Let l = 1219 - 702. What are the prime factors of l?
11, 47
List the prime factors of 48/14*5/(-10)*-28.
2, 3
Let w(q) = 8*q + 2. Let t be w(-1). Let d(x) = 4*x**2 + 12*x + 15. List the prime factors of d(t).
3, 29
Let a(c) be the third derivative of -c**5/60 + 5*c**4/24 - c**3/2 - 12*c**2. Let v be a(4). List the prime factors of (-2)/v*27/(-6).
3
Let m be (-2)/(4/(-36)*-3). Let f(g) = -g**2 + g - 1. Let x(l) = 5*l**2 - 2*l + 4. Let s(i) = 4*f(i) + x(i). What are the prime factors of s(m)?
2, 3
Let l(v) = -v**3 + 8*v**2 + 3. Let s be l(6). Let f = s + -41. Suppose 3*h - 92 - f = 0. What are the prime factors of h?
2, 3, 7
Let t(z) = -z**3 + 13*z**2 - 11*z - 14. Let p be t(12). List the prime factors of (-127 - (2 + p))*(-2 + 1).
127
Let m = -2 + 4. Suppose 0 = -4*d + m*h + 112, 5*d + 3*h = 4*h + 134. List the prime factors of d.
2, 13
Let q(x) = 5*x**2 + 26*x + 224. What are the prime factors of q(-10)?
2, 29
Suppose -4*r - 3 = -3*y - 0*y, 4*r = 0. Let c(b) = b**2 - b + 1. Let f(k) = -4*k**2 + 5*k - 2. Let w(h) = y*f(h) + 6*c(h). List the prime factors of w(-3).
5
Let l(i) = 3*i**2 - i + 4. Let q(g) = 2*g**2 - g + 3. Let b(r) = 3*l(r) - 4*q(r). Let p be b(-5). Let v = p - 13. List the prime factors of v.
7
Suppose 109 = -h - b, 3*h + 377 = 3*b + 44. Let y = h - -183. What are the prime factors of y?
73
Suppose -3*m + 42 + 3 = 0. Let p = 62 - m. What are the prime factors of p?
47
Suppose 5*a = 3*x - 40, x = -0*x - a. Suppose -9 = -6*i - 9. Suppose -5*t + 176 = -x*r + 56, -t + 3*r + 22 = i. List the prime factors of t.
5
Suppose -2*a = -31 + 21. Let o = 360 + a. Suppose -4*c - c = -o. List the prime factors of c.
73
Let h(k) = -3*k**3 + k**2. Let x = -10 - -12. Let g(i) = -i + 1. Let w be g(x). What are the prime factors of h(w)?
2
Let q(d) = d**3 - 4*d**2 + d - 3. Let j be q(3). Let i = 13 + j. List the prime factors of (-1284)/(-84) + i/(-14).
3, 5
Let q(o) = 21*o - 45. Let c(s) = 10*s - 23. Let g(k) = -5*c(k) + 3*q(k). List the prime factors of g(6).
2, 29
Suppose -4*p + 73 = -0*x - x, -3*x + 2*p = 189. Suppose -108 = 4*q - 464. Let f = q + x. List the prime factors of f.
2, 7
Let v(u) = 3*u**2 + 24*u - 29. What are the prime factors of v(-14)?
223
Let t be -3 + -339*(-4)/12. Suppose -3*a + 10 = -t. What are the prime factors of a?
2, 5
Suppose -3*w + w + 58 = 4*o, 3*w + 78 = 5*o. Let h = o - -178. What are the prime factors of h?
193
Let b = -508 + 215. Let a = -171 - b. List the prime factors of a.
2, 61
Let q(c) = -c**2 + 8*c + 2. Let a be q(6). Let l be a/35 + 294/(-10). Let b = -7 - l. What are the prime factors of b?
2, 11
Suppose 4*v - 8*v + 3464 = 0. What are the prime factors of (-11)/66 + v/12?
2, 3
Let r be (0 - 2)*2/(-1). Let b be 2/(44/(-10) + r). Let k(i) = i**3 + 5*i**2 - 8*i - 8. What are the prime factors of k(b)?
2
Let u be (-7 - -3)*12/(-16). Suppose 0 = -u*n + 3*g + 72, 5*n + 2*g + 94 - 249 = 0. What are the prime factors of n?
29
Let t(z) = -82*z - 304. What are the prime factors of t(-26)?
2, 457
Suppose 4*r + 2*o = 0, 4*r - 15 - 13 = 5*o. Suppose -3*t = -r*f - 298, 5*t - f - 628 + 122 = 0. What are the prime factors of (t/18)/(1/3)?
17
List the prime factors of (-45)/105 + -51*(-52)/14.
3, 7
Let x = -453 - -856. What are the prime factors of x?
13, 31
Suppose -5*q + q = -100. Suppose v - 6*v = q, -2*v - 275 = -5*l. Let f = l + -34. List the prime factors of f.
19
Suppose 0 = -3*z - 4*o + 40 + 6, -2*z - 3*o = -31. Suppose -z = -a + 11. Suppose -j - 5 = -a. What are the prime factors of j?
2, 5
Let h(a) = 88*a + 167. What are the prime factors of h(23)?
7, 313
Suppose 0 = 4*h - h + 2*s + 26, 5*h - 2*s = -22. Let r(q) = -q - 9. Let l(x) = 8. Let y(d) = 4*l(d) + 3*r(d). List the prime factors of y(h).
23
Let k be (15/(-2))/(1/8). Suppose -5*x = -2*x - 2*o - 267, 0 = -4*o. Let t = k + x. List the prime factors of t.
29
Suppose -19*r + 5932 = -9458. List the prime factors of r.
2, 3, 5
Let z = 6 - 4. Suppose 5 = z*v + 53. What are the prime factors of (44/(-6))/(16/v)?
11
Let v(g) = -7*g**2 - 95*g - 12. List the prime factors of v(-12).
2, 3, 5
Let b(f) = 17*f - 22. List the prime factors of b(43).
709
Let i = -32 + 108. Suppose -i + 206 = 2*y. List the prime factors of y.
5, 13
Suppose -14805 = -20*q + 11*q. List the prime factors of q.
5, 7, 47
Suppose 7*q - 4*q - 4*i - 8 = 0, 5*q = -5*i + 25. Suppose q*t + 2 = 5*c - 13, 4*c = 5*t + 12. Suppose s - 3*s + 50 = t. List the prime factors of s.
5
Let r = -14 + 15. Let q = 4 + r. Suppose -5*p = -2*p + z - 72, -2*p + q*z + 48 = 0. List the prime factors of p.
2, 3
Let p(a) be the second derivative of 2*a**3/3 - a**2/2 + 4*a. Let i be p(4). Suppose -i*t + 10*t = -10. List the prime factors of t.
2
Let w(l) = -l**2 - 5*l + 2. Suppose -3*z - 34 + 25 = 0. What are the prime factors of w(z)?
2
Suppose 0 = -27*q + 137654 - 53387. List the prime factors of q.
3121
Let r = 40 + 98. Let f = 341 - r. What are the prime factors of f?
7, 29
Let i be (-9 + 2)*8/(-28). Suppose i*l = 11*l - 522. What are the prime factors of l?
2, 29
Let n(l) = l**3 + 7*l**2 - 2*l - 5. Let d(g) = -g**3 + 9*g**2 + 10*g - 3. Let v = -14 - -24. Let x be d(v). List the prime factors of n(x).
37
Let y(n) = 25*n - 124. List the prime factors of y(44).
2, 61
Let o(p) = -p**3 + 10*p**2 + 9*p + 11. Let a be o(10). Let u = a + -52. What are the prime factors of u?
7
Let q = -18 + 24. Suppose -c + q*c = 60. List the prime factors of c.
2, 3
Suppose 3*b - 28 + 0 = -2*f, 0 = -b + 4*f + 28. Suppose -b = -4*y + 20. Let w(r) = -r**3 + 7*r**2 + 10*r - 5. What are the prime factors of w(y)?
11
What are the prime factors of ((-245)/2)/(18/(-216))?
2, 3, 5, 7
Suppose 8451 = 3*r + r + 3*g, 10569 = 5*r + 2*g. What are the prime factors of r?
3, 5, 47
Let p(q) = 3*q - 1. Let c be p(2). Suppose -3*d = -6*i + 2*i - 16, -3*i + c = 2*d. List the prime factors of d.
2
Let n(o) = -o**2 - 11*o + 1. Let i be n(-6). Let v = i - -7. What are the prime factors of v?
2, 19
Let d(c) = c**3 - 7*c**2 + 5*c + 2. Let n be d(6). Let h be n/6 - (-8)/3. List the prime factors of -3*h/8*-88.
2, 3, 11
Suppose -14*k + 46855 = 7949. What are the prime factors of k?
7, 397
Suppose 5*j - 3*i - 7808 - 4521 = 0, 3*j - 3*i = 7401. What are the prime factors of j?
2, 7, 11
Let t(h) = -2*h + 1. Let i be t(-1). Suppose -5 = -4*n + i. Suppose n*z - 78 - 12 = 0. List the prime factors of z.
3, 5
Suppose a = 4*t - 2*t + 59, 0 = 4*a - 2*t - 236. Let g = 121 + a. List the prime factors of g.
2, 3, 5
Let w(t) = -t**3 - 23*t**2 + 34*t + 24. List the prime factors of w(-25).
2, 53
Let n = 3970 + -2217. List the prime factors of n.
1753
Let l(p) = -14*p - 207. List the prime factors of l(-15).
3
Let u = -21 - -31. Let j = u - 0. List the prime factors of j.
2, 5
Let d(v) = -v**2 - 3*v - 51. Let s be d(0). List the prime factors of (5 - s/(-12)) + 81/4.
3, 7
Let n(q) = -2*q**2 - 40*q + 1. List the prime factors of n(-17).
103
Let l(j) = j**2 - 23*j - 21. What are the prime factors of l(24)?
3
Sup